{"id":53,"date":"2024-05-22T13:46:27","date_gmt":"2024-05-22T13:46:27","guid":{"rendered":"https:\/\/revolta.pt\/?page_id=53"},"modified":"2024-06-17T15:47:09","modified_gmt":"2024-06-17T15:47:09","slug":"redes-sociais","status":"publish","type":"page","link":"https:\/\/revolta.pt\/index.php\/redes-sociais\/","title":{"rendered":"Redes Sociais"},"content":{"rendered":"<section class=\"l-section wpb_row height_medium\"><div class=\"l-section-h i-cf\"><div class=\"g-cols vc_row via_grid cols_1 laptops-cols_inherit tablets-cols_inherit mobiles-cols_1 valign_top type_default stacking_default\"><div class=\"wpb_column vc_column_container\"><div class=\"vc_column-inner\"><div class=\"wpb_text_column us_custom_55db6c80 has_text_color\"><div class=\"wpb_wrapper\"><h2 style=\"text-align: center;\">As nossas Redes Sociais<\/h2>\n<p style=\"text-align: center;\">Sabe onde nos podes encontrar e como nos podes ajudar<\/p>\n<\/div><\/div><\/div><\/div><\/div><\/div><\/section><div class=\"w-separator size_medium\"><\/div><div class=\"g-cols wpb_row via_grid cols_4 laptops-cols_2 tablets-cols_2 mobiles-cols_1 valign_top type_default\" style=\"--gap:1.5rem;\"><div class=\"wpb_column vc_column_container\"><div class=\"vc_column-inner\"><div class=\"w-iconbox us_custom_e1546bdb has_text_color iconpos_top style_circle color_primary align_left\"><a href=\"https:\/\/www.instagram.com\/revolta_serie\/\" class=\"w-iconbox-link\" aria-label=\"Instagram\"><div class=\"w-iconbox-icon\" style=\"font-size:1.8rem;\"><i class=\"fab fa-instagram\"><\/i><\/div><\/a><div class=\"w-iconbox-meta\"><a href=\"https:\/\/www.instagram.com\/revolta_serie\/\" class=\"w-iconbox-link\" aria-label=\"Instagram\"><h4 class=\"w-iconbox-title\">Instagram<\/h4><\/a><div class=\"w-iconbox-text\"><p>Neste espa\u00e7o estar\u00e3o dispon\u00edveis atualiza\u00e7\u00f5es frequentes, momentos de intera\u00e7\u00e3o, behind the scenes&#8230;<\/p>\n<\/div><\/div><\/div><\/div><\/div><div class=\"wpb_column vc_column_container\"><div class=\"vc_column-inner\"><div class=\"w-iconbox us_custom_e1546bdb has_text_color iconpos_top style_circle color_primary align_left\"><a href=\"https:\/\/www.youtube.com\/channel\/UCYfGhdZv0Z878FS5WKA7cIA\" class=\"w-iconbox-link\" aria-label=\"Youtube\"><div class=\"w-iconbox-icon\" style=\"font-size:1.8rem;\"><i class=\"fab fa-youtube\"><\/i><\/div><\/a><div class=\"w-iconbox-meta\"><a href=\"https:\/\/www.youtube.com\/channel\/UCYfGhdZv0Z878FS5WKA7cIA\" class=\"w-iconbox-link\" aria-label=\"Youtube\"><h4 class=\"w-iconbox-title\">Youtube<\/h4><\/a><div class=\"w-iconbox-text\"><p>Neste espa\u00e7o todos epis\u00f3dios da s\u00e9rie estar\u00e3o dispon\u00edveis na \u00edntegra<\/p>\n<\/div><\/div><\/div><\/div><\/div><div class=\"wpb_column vc_column_container\"><div class=\"vc_column-inner\"><div class=\"w-iconbox us_custom_e1546bdb has_text_color iconpos_top style_circle color_primary align_left\"><a href=\"https:\/\/www.gofundme.com\/f\/revolta\" class=\"w-iconbox-link\" aria-label=\"Gofundme\"><div class=\"w-iconbox-icon\" style=\"font-size:1.8rem;\"><i class=\"fas fa-euro\"><\/i><\/div><\/a><div class=\"w-iconbox-meta\"><a href=\"https:\/\/www.gofundme.com\/f\/revolta\" class=\"w-iconbox-link\" aria-label=\"Gofundme\"><h4 class=\"w-iconbox-title\">Gofundme<\/h4><\/a><div class=\"w-iconbox-text\"><p>Plataforma de apoio financeiro para pessoas de Portugal<\/p>\n<\/div><\/div><\/div><\/div><\/div><div class=\"wpb_column vc_column_container\"><div class=\"vc_column-inner\"><div class=\"w-iconbox us_custom_e1546bdb has_text_color iconpos_top style_circle color_primary align_left\"><a href=\"https:\/\/apoia.se\/revolta_serie\" class=\"w-iconbox-link\" aria-label=\"Apoia.se\"><div class=\"w-iconbox-icon\" style=\"font-size:1.8rem;\"><i class=\"fas fa-dollar\"><\/i><\/div><\/a><div class=\"w-iconbox-meta\"><a href=\"https:\/\/apoia.se\/revolta_serie\" class=\"w-iconbox-link\" aria-label=\"Apoia.se\"><h4 class=\"w-iconbox-title\">Apoia.se<\/h4><\/a><div class=\"w-iconbox-text\"><p>Plataforma de apoio financeiro para pessoas do Brasil<\/p>\n<\/div><\/div><\/div><\/div><\/div><div class=\"wpb_column vc_column_container\"><div class=\"vc_column-inner\"><div class=\"w-iconbox us_custom_e1546bdb has_text_color iconpos_top style_circle color_primary align_left\"><a href=\"https:\/\/open.spotify.com\/playlist\/0VnKndDPiDZpv2lsL2nHl0?si=0e7268d23a594124\" class=\"w-iconbox-link\" aria-label=\"Spotify\"><div class=\"w-iconbox-icon\" style=\"font-size:1.8rem;\"><i class=\"fab fa-spotify\"><\/i><\/div><\/a><div class=\"w-iconbox-meta\"><a href=\"https:\/\/open.spotify.com\/playlist\/0VnKndDPiDZpv2lsL2nHl0?si=0e7268d23a594124\" class=\"w-iconbox-link\" aria-label=\"Spotify\"><h4 class=\"w-iconbox-title\">Spotify<\/h4><\/a><div class=\"w-iconbox-text\"><p>Playlist de m\u00fasicas que representam os temas e atmosfera da s\u00e9rie<\/p>\n<\/div><\/div><\/div><\/div><\/div><div class=\"wpb_column vc_column_container\"><div class=\"vc_column-inner\"><div class=\"w-iconbox us_custom_e1546bdb has_text_color iconpos_top style_circle color_primary align_left\"><a href=\"https:\/\/www.tiktok.com\/@revolta_serie\" class=\"w-iconbox-link\" aria-label=\"TikTok\"><div class=\"w-iconbox-icon\" style=\"font-size:1.8rem;\"><i class=\"fab fa-tiktok\"><\/i><\/div><\/a><div class=\"w-iconbox-meta\"><a href=\"https:\/\/www.tiktok.com\/@revolta_serie\" class=\"w-iconbox-link\" aria-label=\"TikTok\"><h4 class=\"w-iconbox-title\">TikTok<\/h4><\/a><div class=\"w-iconbox-text\"><p>Nesta rede social vamos publicar entrevistas exclusivas com os membros do elenco da s\u00e9rie.<\/p>\n<\/div><\/div><\/div><\/div><\/div><\/div><section class=\"l-section wpb_row height_medium\"><div class=\"l-section-h i-cf\"><div class=\"g-cols vc_row via_grid cols_1 laptops-cols_inherit tablets-cols_inherit mobiles-cols_1 valign_top type_default stacking_default\"><div class=\"wpb_column vc_column_container\"><div class=\"vc_column-inner\"><\/div><\/div><\/div><\/div><\/section><section class=\"l-section wpb_row height_medium\"><div class=\"l-section-h i-cf\"><div class=\"g-cols vc_row via_grid cols_1 laptops-cols_inherit tablets-cols_inherit mobiles-cols_1 valign_top type_default stacking_default\"><div class=\"wpb_column vc_column_container\"><div class=\"vc_column-inner\"><\/div><\/div><\/div><\/div><\/section><section class=\"l-section wpb_row height_medium\"><div class=\"l-section-h i-cf\"><div class=\"g-cols vc_row via_grid cols_1 laptops-cols_inherit tablets-cols_inherit mobiles-cols_1 valign_top type_default stacking_default\"><div class=\"wpb_column vc_column_container\"><div class=\"vc_column-inner\"><div class=\"wpb_text_column\"><div class=\"wpb_wrapper\"><p>&nbsp;<\/p>\n<\/div><\/div><\/div><\/div><\/div><\/div><\/section><section class=\"l-section wpb_row us_custom_8cd4af33 height_medium color_footer-bottom\"><div class=\"l-section-h i-cf\"><div class=\"g-cols vc_row via_grid cols_1 laptops-cols_inherit tablets-cols_inherit mobiles-cols_1 valign_top type_default stacking_default\"><div class=\"wpb_column vc_column_container\"><div class=\"vc_column-inner\"><div class=\"w-separator size_medium\"><\/div><div class=\"w-text us_custom_b3ca0c81 has_text_color\"><a href=\"https:\/\/revolta.pt\/index.php\/forum\/\" class=\"w-text-h\"><span class=\"w-text-value\">Clica aqui, se achas que a realidade \u00e9 muito mais do que aparenta<\/span><\/a><\/div><div class=\"w-separator size_medium\"><\/div><div class=\"wpb_text_column\"><div class=\"wpb_wrapper\"><p>\u00a9 REVOLTA \u00e9 uma produ\u00e7\u00e3o S\u00e9timo Sentido<\/p>\n<\/div><\/div><\/div><\/div><\/div><\/div><\/section>\n","protected":false},"excerpt":{"rendered":"As nossas Redes Sociais Sabe onde nos podes encontrar e como nos podes ajudar InstagramNeste espa\u00e7o estar\u00e3o dispon\u00edveis atualiza\u00e7\u00f5es frequentes, momentos de intera\u00e7\u00e3o, behind the scenes... YoutubeNeste espa\u00e7o todos epis\u00f3dios da s\u00e9rie estar\u00e3o dispon\u00edveis na \u00edntegra GofundmePlataforma de apoio financeiro para pessoas de Portugal Apoia.sePlataforma de apoio financeiro para pessoas do Brasil SpotifyPlaylist de m\u00fasicas...","protected":false},"author":1,"featured_media":0,"parent":0,"menu_order":0,"comment_status":"closed","ping_status":"closed","template":"","meta":{"footnotes":""},"class_list":["post-53","page","type-page","status-publish","hentry"],"_links":{"self":[{"href":"https:\/\/revolta.pt\/index.php\/wp-json\/wp\/v2\/pages\/53","targetHints":{"allow":["GET"]}}],"collection":[{"href":"https:\/\/revolta.pt\/index.php\/wp-json\/wp\/v2\/pages"}],"about":[{"href":"https:\/\/revolta.pt\/index.php\/wp-json\/wp\/v2\/types\/page"}],"author":[{"embeddable":true,"href":"https:\/\/revolta.pt\/index.php\/wp-json\/wp\/v2\/users\/1"}],"replies":[{"embeddable":true,"href":"https:\/\/revolta.pt\/index.php\/wp-json\/wp\/v2\/comments?post=53"}],"version-history":[{"count":14,"href":"https:\/\/revolta.pt\/index.php\/wp-json\/wp\/v2\/pages\/53\/revisions"}],"predecessor-version":[{"id":820,"href":"https:\/\/revolta.pt\/index.php\/wp-json\/wp\/v2\/pages\/53\/revisions\/820"}],"wp:attachment":[{"href":"https:\/\/revolta.pt\/index.php\/wp-json\/wp\/v2\/media?parent=53"}],"curies":[{"name":"wp","href":"https:\/\/api.w.org\/{rel}","templated":true}]}}