{"id":2,"date":"2024-04-27T23:34:20","date_gmt":"2024-04-27T23:34:20","guid":{"rendered":"https:\/\/revolta.pt\/?page_id=2"},"modified":"2024-07-10T19:47:36","modified_gmt":"2024-07-10T19:47:36","slug":"pagina-exemplo","status":"publish","type":"page","link":"https:\/\/revolta.pt\/","title":{"rendered":"Home"},"content":{"rendered":"<section class=\"l-section wpb_row height_medium\"><div class=\"l-section-h i-cf\"><div class=\"g-cols vc_row via_grid cols_1 laptops-cols_inherit tablets-cols_inherit mobiles-cols_1 valign_top type_default stacking_default\"><div class=\"wpb_column vc_column_container\"><div class=\"vc_column-inner\"><div class=\"w-text us_custom_07c5fef3 has_text_color\"><span class=\"w-text-h\"><span class=\"w-text-value\">BEM-VINDOS A<\/span><\/span><\/div><div class=\"w-image align_center\"><div class=\"w-image-h\"><img decoding=\"async\" width=\"300\" height=\"60\" src=\"https:\/\/revolta.pt\/wp-content\/uploads\/2024\/04\/REVOLTA-9-300x60.png\" class=\"attachment-medium size-medium\" alt=\"\" loading=\"lazy\" srcset=\"https:\/\/revolta.pt\/wp-content\/uploads\/2024\/04\/REVOLTA-9-300x60.png 300w, https:\/\/revolta.pt\/wp-content\/uploads\/2024\/04\/REVOLTA-9.png 826w\" sizes=\"auto, (max-width: 300px) 100vw, 300px\" \/><\/div><\/div><\/div><\/div><\/div><\/div><\/section><section class=\"l-section wpb_row us_custom_3d71aa0f height_medium\"><div class=\"l-section-h i-cf\"><div class=\"g-cols vc_row via_grid cols_1 laptops-cols_inherit tablets-cols_inherit mobiles-cols_1 valign_top type_default stacking_default\"><div class=\"wpb_column vc_column_container\"><div class=\"vc_column-inner\"><div class=\"w-text us_custom_d44d8758 has_text_color\"><span class=\"w-text-h\"><span class=\"w-text-value\">REVOLTA \u00e9 uma s\u00e9rie portuguesa que est\u00e1 a ser desenvolvida no \u00e2mbito do Mestrado em Comunica\u00e7\u00e3o Audiovisual Para Novos M\u00e9dia da Universidade de Aveiro, em parceria com a RTP.<\/span><\/span><\/div><div class=\"w-separator size_medium\"><\/div><\/div><\/div><\/div><\/div><\/section><section class=\"l-section wpb_row height_medium\"><div class=\"l-section-h i-cf\"><div class=\"g-cols vc_row via_grid cols_1 laptops-cols_inherit tablets-cols_inherit mobiles-cols_1 valign_top type_default stacking_default\"><div class=\"wpb_column vc_column_container\"><div class=\"vc_column-inner\"><div class=\"w-image align_center\"><div class=\"w-image-h\"><img decoding=\"async\" width=\"1024\" height=\"1024\" src=\"https:\/\/revolta.pt\/wp-content\/uploads\/2024\/06\/Instagram-post-19-1024x1024.png\" class=\"attachment-large size-large\" alt=\"\" loading=\"lazy\" srcset=\"https:\/\/revolta.pt\/wp-content\/uploads\/2024\/06\/Instagram-post-19-1024x1024.png 1024w, https:\/\/revolta.pt\/wp-content\/uploads\/2024\/06\/Instagram-post-19-300x300.png 300w, https:\/\/revolta.pt\/wp-content\/uploads\/2024\/06\/Instagram-post-19-150x150.png 150w, https:\/\/revolta.pt\/wp-content\/uploads\/2024\/06\/Instagram-post-19.png 1080w\" sizes=\"auto, (max-width: 1024px) 100vw, 1024px\" \/><\/div><\/div><\/div><\/div><\/div><\/div><\/section><section class=\"l-section wpb_row us_custom_205e191c height_medium\"><div class=\"l-section-h i-cf\"><div class=\"g-cols vc_row via_grid cols_1 laptops-cols_inherit tablets-cols_inherit mobiles-cols_1 valign_top type_default stacking_default\"><div class=\"wpb_column vc_column_container\"><div class=\"vc_column-inner\"><div class=\"w-text us_custom_999f716e has_text_color\"><span class=\"w-text-h\"><span class=\"w-text-value\">SINOPSE<\/span><\/span><\/div><div class=\"w-text us_custom_d44d8758 has_text_color\"><span class=\"w-text-h\"><span class=\"w-text-value\">Num presente marcado pelo sentimento de revolta, Rodrigo, de 29 anos, descobre algo que o poder\u00e1 ajudar a mudar a sua vida para sempre. Assim, v\u00ea-se de m\u00e3os dadas entre o desejo de alterar o rumo dos acontecimentos e as consequ\u00eancias de mexer no mesmo.<\/span><\/span><\/div><div class=\"w-separator size_medium\"><\/div><\/div><\/div><\/div><\/div><\/section><section class=\"l-section wpb_row us_custom_3d71aa0f height_medium\"><div class=\"l-section-h i-cf\"><div class=\"g-cols vc_row via_grid cols_1 laptops-cols_inherit tablets-cols_inherit mobiles-cols_1 valign_top type_default stacking_default\"><div class=\"wpb_column vc_column_container\"><div class=\"vc_column-inner\"><div class=\"w-separator size_medium\"><\/div><div class=\"w-text us_custom_999f716e has_text_color\"><span class=\"w-text-h\"><span class=\"w-text-value\">G\u00c9NEROS<\/span><\/span><\/div><div class=\"w-text us_custom_bfad2596 has_text_color\"><span class=\"w-text-h\"><span class=\"w-text-value\">Drama, Fic\u00e7\u00e3o Cient\u00edfica<\/span><\/span><\/div><\/div><\/div><\/div><\/div><\/section><section class=\"l-section wpb_row us_custom_214c3a9f height_medium\"><div class=\"l-section-h i-cf\"><div class=\"g-cols vc_row via_grid cols_1 laptops-cols_inherit tablets-cols_inherit mobiles-cols_1 valign_top type_default stacking_default\"><div class=\"wpb_column vc_column_container\"><div class=\"vc_column-inner\"><div class=\"w-separator size_medium\"><\/div><div class=\"w-text us_custom_999f716e has_text_color\"><span class=\"w-text-h\"><span class=\"w-text-value\">TEMAS<\/span><\/span><\/div><div class=\"w-text us_custom_d44d8758 has_text_color\"><span class=\"w-text-h\"><span class=\"w-text-value\">Rela\u00e7\u00f5es familiares e viagens no tempo<\/span><\/span><\/div><\/div><\/div><\/div><\/div><\/section><section class=\"l-section wpb_row us_custom_6df4bc3a has_text_color height_large\"><div class=\"l-section-h i-cf\"><div class=\"g-cols vc_row via_grid cols_1 laptops-cols_inherit tablets-cols_inherit mobiles-cols_1 valign_top type_default stacking_default\"><div class=\"wpb_column vc_column_container\"><div class=\"vc_column-inner\"><div class=\"wpb_text_column us_custom_eb849559\"><div class=\"wpb_wrapper\"><p><strong><span style=\"font-size: 25px;\">ACOMPANHA A S\u00c9RIE<\/span><\/strong><\/p>\n<\/div><\/div><div class=\"w-separator size_medium\"><\/div><div class=\"w-video align_none ratio_16x9 has_iframe\"><div class=\"w-video-h\"><iframe title=\"Youtube video player\" src=\"\/\/www.youtube.com\/embed\/fm8Pym2sHAI?autoplay=0&controls=1&origin=https:\/\/revolta.pt&loop=0&mute=0\" allowfullscreen=\"1\" loading=\"lazy\"><\/iframe><\/div><div class=\"w-video-icon\" style=\"font-size:1.5rem;background:rgba(0,0,0,0.5);color:#fff\"><\/div><\/div><div class=\"w-separator size_medium\"><\/div><\/div><\/div><div class=\"wpb_column vc_column_container\"><div class=\"vc_column-inner\"><div class=\"w-video align_none ratio_16x9 has_iframe\"><div class=\"w-video-h\"><iframe title=\"Youtube video player\" src=\"\/\/www.youtube.com\/embed\/p-Ydp8Cbh4Q?autoplay=0&controls=1&origin=https:\/\/revolta.pt&loop=0&mute=0\" allowfullscreen=\"1\" loading=\"lazy\"><\/iframe><\/div><div class=\"w-video-icon\" style=\"font-size:1.5rem;background:rgba(0,0,0,0.5);color:#fff\"><\/div><\/div><div class=\"w-separator size_medium\"><\/div><\/div><\/div><div class=\"wpb_column vc_column_container\"><div class=\"vc_column-inner\"><div class=\"w-video align_none ratio_16x9 has_iframe\"><div class=\"w-video-h\"><iframe title=\"Youtube video player\" src=\"\/\/www.youtube.com\/embed\/0YmL5s1Q1PI?autoplay=0&controls=1&origin=https:\/\/revolta.pt&loop=0&mute=0\" allowfullscreen=\"1\" loading=\"lazy\"><\/iframe><\/div><div class=\"w-video-icon\" style=\"font-size:1.5rem;background:rgba(0,0,0,0.5);color:#fff\"><\/div><\/div><div class=\"w-separator size_medium\"><\/div><\/div><\/div><div class=\"wpb_column vc_column_container\"><div class=\"vc_column-inner\"><div class=\"w-video align_none ratio_16x9 has_iframe\"><div class=\"w-video-h\"><iframe title=\"Youtube video player\" src=\"\/\/www.youtube.com\/embed\/pil0MmxKTiA?autoplay=0&controls=1&origin=https:\/\/revolta.pt&loop=0&mute=0\" allowfullscreen=\"1\" loading=\"lazy\"><\/iframe><\/div><div class=\"w-video-icon\" style=\"font-size:1.5rem;background:rgba(0,0,0,0.5);color:#fff\"><\/div><\/div><div class=\"w-separator size_medium\"><\/div><\/div><\/div><\/div><\/div><\/section><section class=\"l-section wpb_row height_medium\"><div class=\"l-section-h i-cf\"><div class=\"g-cols vc_row via_grid cols_1 laptops-cols_inherit tablets-cols_inherit mobiles-cols_1 valign_top type_default stacking_default\"><div class=\"wpb_column vc_column_container\"><div class=\"vc_column-inner\"><div class=\"wpb_text_column\"><div class=\"wpb_wrapper\"><p>&nbsp;<\/p>\n<\/div><\/div><\/div><\/div><\/div><\/div><\/section><section class=\"l-section wpb_row us_custom_8cd4af33 height_medium color_footer-bottom\"><div class=\"l-section-h i-cf\"><div class=\"g-cols vc_row via_grid cols_1 laptops-cols_inherit tablets-cols_inherit mobiles-cols_1 valign_top type_default stacking_default\"><div class=\"wpb_column vc_column_container\"><div class=\"vc_column-inner\"><div class=\"w-separator size_medium\"><\/div><div class=\"w-text us_custom_b3ca0c81 has_text_color\"><a href=\"https:\/\/revolta.pt\/index.php\/forum\/\" class=\"w-text-h\"><span class=\"w-text-value\">Clica aqui, se achas que a realidade \u00e9 muito mais do que aparenta<\/span><\/a><\/div><div class=\"w-separator size_medium\"><\/div><div class=\"wpb_text_column\"><div class=\"wpb_wrapper\"><p>\u00a9 REVOLTA \u00e9 uma produ\u00e7\u00e3o S\u00e9timo Sentido<\/p>\n<\/div><\/div><\/div><\/div><\/div><\/div><\/section>\n","protected":false},"excerpt":{"rendered":"BEM-VINDOS AREVOLTA \u00e9 uma s\u00e9rie portuguesa que est\u00e1 a ser desenvolvida no \u00e2mbito do Mestrado em Comunica\u00e7\u00e3o Audiovisual Para Novos M\u00e9dia da Universidade de Aveiro, em parceria com a RTP.SINOPSENum presente marcado pelo sentimento de revolta, Rodrigo, de 29 anos, descobre algo que o poder\u00e1 ajudar a mudar a sua vida para sempre. Assim, v\u00ea-se...","protected":false},"author":1,"featured_media":0,"parent":0,"menu_order":0,"comment_status":"closed","ping_status":"open","template":"","meta":{"footnotes":""},"class_list":["post-2","page","type-page","status-publish","hentry"],"_links":{"self":[{"href":"https:\/\/revolta.pt\/index.php\/wp-json\/wp\/v2\/pages\/2","targetHints":{"allow":["GET"]}}],"collection":[{"href":"https:\/\/revolta.pt\/index.php\/wp-json\/wp\/v2\/pages"}],"about":[{"href":"https:\/\/revolta.pt\/index.php\/wp-json\/wp\/v2\/types\/page"}],"author":[{"embeddable":true,"href":"https:\/\/revolta.pt\/index.php\/wp-json\/wp\/v2\/users\/1"}],"replies":[{"embeddable":true,"href":"https:\/\/revolta.pt\/index.php\/wp-json\/wp\/v2\/comments?post=2"}],"version-history":[{"count":53,"href":"https:\/\/revolta.pt\/index.php\/wp-json\/wp\/v2\/pages\/2\/revisions"}],"predecessor-version":[{"id":1017,"href":"https:\/\/revolta.pt\/index.php\/wp-json\/wp\/v2\/pages\/2\/revisions\/1017"}],"wp:attachment":[{"href":"https:\/\/revolta.pt\/index.php\/wp-json\/wp\/v2\/media?parent=2"}],"curies":[{"name":"wp","href":"https:\/\/api.w.org\/{rel}","templated":true}]}}