{"id":144,"date":"2024-05-23T14:32:31","date_gmt":"2024-05-23T14:32:31","guid":{"rendered":"https:\/\/revolta.pt\/?page_id=144"},"modified":"2024-07-09T16:13:53","modified_gmt":"2024-07-09T16:13:53","slug":"noticias","status":"publish","type":"page","link":"https:\/\/revolta.pt\/index.php\/noticias\/","title":{"rendered":"Not\u00edcias"},"content":{"rendered":"<section class=\"l-section wpb_row us_custom_c70c97eb height_medium\"><div class=\"l-section-h i-cf\"><div class=\"g-cols vc_row via_grid cols_1 laptops-cols_inherit tablets-cols_inherit mobiles-cols_1 valign_top type_default stacking_default\"><div class=\"wpb_column vc_column_container\"><div class=\"vc_column-inner\"><div class=\"wpb_text_column\"><div class=\"wpb_wrapper\"><h2 style=\"text-align: center;\">\u00daltimas atualiza\u00e7\u00f5es<\/h2>\n<\/div><\/div><div class=\"w-separator size_large\"><\/div><div class=\"w-grid type_grid layout_blog_4 cols_3\" id=\"us_grid_1\" style=\"--gap:1.5rem;\" data-filterable=\"true\"><style>@media (max-width:1024px){#us_grid_1 .w-grid-item{width:50%}}@media (max-width:600px){#us_grid_1 .w-grid-list{margin:0}#us_grid_1 .w-grid-item{width:100%;padding:0;margin-bottom:var(--gap,0px)}}.layout_blog_4 .w-grid-item-h{}.layout_blog_4 .usg_post_image_1{margin-bottom:0.6rem!important}.layout_blog_4 .usg_post_title_1{font-size:1.2rem!important;margin-bottom:0.3rem!important}.layout_blog_4 .usg_post_date_1{color:var(--color-content-faded)!important;font-size:0.8rem!important;line-height:1.6!important}<\/style><div class=\"w-grid-list\">\t<article class=\"w-grid-item size_1x1 post-1013 post type-post status-publish format-standard hentry category-sem-categoria\" data-id=\"1013\">\r\n\t\t<div class=\"w-grid-item-h\">\r\n\t\t\t\t\t\t<h2 class=\"w-post-elm post_title usg_post_title_1 entry-title color_link_inherit\"><a href=\"https:\/\/revolta.pt\/index.php\/2024\/07\/08\/teaser-do-4o-episodio\/\">Teaser do 4\u00ba Epis\u00f3dio<\/a><\/h2><time class=\"w-post-elm post_date usg_post_date_1 has_text_color entry-date published\" datetime=\"2024-07-08T22:54:34+00:00\" title=\"8 Julho 2024 \u00e0s 22:54:34 +00:00\">H\u00e1 2 anos<\/time>\t\t<\/div>\r\n\t\t\t<\/article>\r\n\t<article class=\"w-grid-item size_1x1 post-1009 post type-post status-publish format-standard hentry category-sem-categoria\" data-id=\"1009\">\r\n\t\t<div class=\"w-grid-item-h\">\r\n\t\t\t\t\t\t<h2 class=\"w-post-elm post_title usg_post_title_1 entry-title color_link_inherit\"><a href=\"https:\/\/revolta.pt\/index.php\/2024\/07\/04\/o-3o-episodio-esta-no-ar\/\">O 3\u00ba Epis\u00f3dio est\u00e1 no ar!!<\/a><\/h2><time class=\"w-post-elm post_date usg_post_date_1 has_text_color entry-date published\" datetime=\"2024-07-04T22:28:43+00:00\" title=\"4 Julho 2024 \u00e0s 22:28:43 +00:00\">H\u00e1 2 anos<\/time>\t\t<\/div>\r\n\t\t\t<\/article>\r\n\t<article class=\"w-grid-item size_1x1 post-1007 post type-post status-publish format-standard hentry category-sem-categoria\" data-id=\"1007\">\r\n\t\t<div class=\"w-grid-item-h\">\r\n\t\t\t\t\t\t<h2 class=\"w-post-elm post_title usg_post_title_1 entry-title color_link_inherit\"><a href=\"https:\/\/revolta.pt\/index.php\/2024\/07\/02\/teaser-do-3o-episodio\/\">Teaser do 3\u00ba Epis\u00f3dio<\/a><\/h2><time class=\"w-post-elm post_date usg_post_date_1 has_text_color entry-date published\" datetime=\"2024-07-02T23:27:02+00:00\" title=\"2 Julho 2024 \u00e0s 23:27:02 +00:00\">H\u00e1 2 anos<\/time>\t\t<\/div>\r\n\t\t\t<\/article>\r\n\t<article class=\"w-grid-item size_1x1 post-1003 post type-post status-publish format-standard hentry category-sem-categoria\" data-id=\"1003\">\r\n\t\t<div class=\"w-grid-item-h\">\r\n\t\t\t\t\t\t<h2 class=\"w-post-elm post_title usg_post_title_1 entry-title color_link_inherit\"><a href=\"https:\/\/revolta.pt\/index.php\/2024\/06\/30\/os-calculos-do-rodrigo\/\">Os c\u00e1lculos do Rodrigo<\/a><\/h2><time class=\"w-post-elm post_date usg_post_date_1 has_text_color entry-date published\" datetime=\"2024-06-30T09:01:28+00:00\" title=\"30 Junho 2024 \u00e0s 09:01:28 +00:00\">H\u00e1 2 anos<\/time>\t\t<\/div>\r\n\t\t\t<\/article>\r\n\t<article class=\"w-grid-item size_1x1 post-1001 post type-post status-publish format-standard hentry category-sem-categoria\" data-id=\"1001\">\r\n\t\t<div class=\"w-grid-item-h\">\r\n\t\t\t\t\t\t<h2 class=\"w-post-elm post_title usg_post_title_1 entry-title color_link_inherit\"><a href=\"https:\/\/revolta.pt\/index.php\/2024\/06\/26\/ja-viram-o-2o-episodio\/\">J\u00e1 viram o 2\u00ba Epis\u00f3dio?<\/a><\/h2><time class=\"w-post-elm post_date usg_post_date_1 has_text_color entry-date published\" datetime=\"2024-06-26T23:41:22+00:00\" title=\"26 Junho 2024 \u00e0s 23:41:22 +00:00\">H\u00e1 2 anos<\/time>\t\t<\/div>\r\n\t\t\t<\/article>\r\n\t<article class=\"w-grid-item size_1x1 post-993 post type-post status-publish format-standard hentry category-sem-categoria\" data-id=\"993\">\r\n\t\t<div class=\"w-grid-item-h\">\r\n\t\t\t\t\t\t<h2 class=\"w-post-elm post_title usg_post_title_1 entry-title color_link_inherit\"><a href=\"https:\/\/revolta.pt\/index.php\/2024\/06\/24\/teaser-do-2o-episodio\/\">Teaser do 2\u00ba Epis\u00f3dio<\/a><\/h2><time class=\"w-post-elm post_date usg_post_date_1 has_text_color entry-date published\" datetime=\"2024-06-24T23:27:02+00:00\" title=\"24 Junho 2024 \u00e0s 23:27:02 +00:00\">H\u00e1 2 anos<\/time>\t\t<\/div>\r\n\t\t\t<\/article>\r\n\t<article class=\"w-grid-item size_1x1 post-915 post type-post status-publish format-standard hentry category-sem-categoria\" data-id=\"915\">\r\n\t\t<div class=\"w-grid-item-h\">\r\n\t\t\t\t\t\t<h2 class=\"w-post-elm post_title usg_post_title_1 entry-title color_link_inherit\"><a href=\"https:\/\/revolta.pt\/index.php\/2024\/06\/14\/o-1o-episodio-ja-foi-lancado\/\">O 1\u00ba Epis\u00f3dio j\u00e1 foi lan\u00e7ado!<\/a><\/h2><time class=\"w-post-elm post_date usg_post_date_1 has_text_color entry-date published\" datetime=\"2024-06-14T21:30:33+00:00\" title=\"14 Junho 2024 \u00e0s 21:30:33 +00:00\">H\u00e1 2 anos<\/time>\t\t<\/div>\r\n\t\t\t<\/article>\r\n\t<article class=\"w-grid-item size_1x1 post-788 post type-post status-publish format-standard hentry category-sem-categoria\" data-id=\"788\">\r\n\t\t<div class=\"w-grid-item-h\">\r\n\t\t\t\t\t\t<h2 class=\"w-post-elm post_title usg_post_title_1 entry-title color_link_inherit\"><a href=\"https:\/\/revolta.pt\/index.php\/2024\/06\/14\/teaser-do-1o-episodio\/\">Teaser do 1\u00ba Epis\u00f3dio!<\/a><\/h2><time class=\"w-post-elm post_date usg_post_date_1 has_text_color entry-date published\" datetime=\"2024-06-14T08:51:07+00:00\" title=\"14 Junho 2024 \u00e0s 08:51:07 +00:00\">H\u00e1 2 anos<\/time>\t\t<\/div>\r\n\t\t\t<\/article>\r\n\t<article class=\"w-grid-item size_1x1 post-139 post type-post status-publish format-standard hentry category-sem-categoria\" data-id=\"139\">\r\n\t\t<div class=\"w-grid-item-h\">\r\n\t\t\t\t\t\t<h2 class=\"w-post-elm post_title usg_post_title_1 entry-title color_link_inherit\"><a href=\"https:\/\/revolta.pt\/index.php\/2024\/05\/23\/bem-vindo-ao-blog-da-r\u01ddvolta\/\">Bem vindo ao blog da R\u018eVOLTA<\/a><\/h2><time class=\"w-post-elm post_date usg_post_date_1 has_text_color entry-date published\" datetime=\"2024-05-23T13:51:52+00:00\" title=\"23 Maio 2024 \u00e0s 13:51:52 +00:00\">H\u00e1 2 anos<\/time>\t\t<\/div>\r\n\t\t\t<\/article>\r\n<\/div><div class=\"w-grid-preloader\">\t<div class=\"g-preloader type_1\">\r\n\t\t<div><\/div>\r\n\t<\/div>\r\n\t<\/div>\t<div class=\"w-grid-json hidden\" onclick='return {&quot;action&quot;:&quot;us_ajax_grid&quot;,&quot;infinite_scroll&quot;:0,&quot;max_num_pages&quot;:1,&quot;pagination&quot;:&quot;none&quot;,&quot;template_vars&quot;:{&quot;columns&quot;:&quot;3&quot;,&quot;exclude_items&quot;:&quot;none&quot;,&quot;img_size&quot;:&quot;default&quot;,&quot;ignore_items_size&quot;:0,&quot;items_layout&quot;:&quot;blog_4&quot;,&quot;items_offset&quot;:&quot;1&quot;,&quot;load_animation&quot;:&quot;none&quot;,&quot;overriding_link&quot;:&quot;{\\&quot;url\\&quot;:\\&quot;\\&quot;}&quot;,&quot;post_id&quot;:0,&quot;query_args&quot;:{&quot;post_type&quot;:[&quot;post&quot;],&quot;post_status&quot;:[&quot;publish&quot;],&quot;ignore_sticky_posts&quot;:1,&quot;posts_per_page&quot;:&quot;16&quot;},&quot;orderby_query_args&quot;:{&quot;orderby&quot;:{&quot;date&quot;:&quot;DESC&quot;}},&quot;type&quot;:&quot;grid&quot;,&quot;us_grid_post_type&quot;:&quot;post&quot;,&quot;us_grid_ajax_index&quot;:1,&quot;us_grid_filter_params&quot;:[],&quot;us_grid_index&quot;:1,&quot;page_args&quot;:[]}}'><\/div>\r\n\t<\/div><\/div><\/div><\/div><\/div><\/section>\n","protected":false},"excerpt":{"rendered":"Bem vindos ao blog da R\u018eVOLTA! &nbsp; Aqui vamos partilhar todas as novidades e atualiza\u00e7\u00f5es sobre a produ\u00e7\u00e3o da s\u00e9rie R\u018eVOLTA. Se ainda n\u00e3o conhecem o projeto, explorem o website ou sigam as nossas redes sociais para ficarem a saber tudo sobre ele!","protected":false},"author":1,"featured_media":0,"parent":0,"menu_order":0,"comment_status":"closed","ping_status":"closed","template":"","meta":{"footnotes":""},"class_list":["post-144","page","type-page","status-publish","hentry"],"_links":{"self":[{"href":"https:\/\/revolta.pt\/index.php\/wp-json\/wp\/v2\/pages\/144","targetHints":{"allow":["GET"]}}],"collection":[{"href":"https:\/\/revolta.pt\/index.php\/wp-json\/wp\/v2\/pages"}],"about":[{"href":"https:\/\/revolta.pt\/index.php\/wp-json\/wp\/v2\/types\/page"}],"author":[{"embeddable":true,"href":"https:\/\/revolta.pt\/index.php\/wp-json\/wp\/v2\/users\/1"}],"replies":[{"embeddable":true,"href":"https:\/\/revolta.pt\/index.php\/wp-json\/wp\/v2\/comments?post=144"}],"version-history":[{"count":5,"href":"https:\/\/revolta.pt\/index.php\/wp-json\/wp\/v2\/pages\/144\/revisions"}],"predecessor-version":[{"id":1016,"href":"https:\/\/revolta.pt\/index.php\/wp-json\/wp\/v2\/pages\/144\/revisions\/1016"}],"wp:attachment":[{"href":"https:\/\/revolta.pt\/index.php\/wp-json\/wp\/v2\/media?parent=144"}],"curies":[{"name":"wp","href":"https:\/\/api.w.org\/{rel}","templated":true}]}}